f*l = r - 26*l - 322, -4*l - 1336 = -4*r. What is the remainder when r is divided by 68?
59
Suppose 0 = 4*g + l - 53, -3*g = l + 4*l - 44. Let c(m) = 2*m**2 - 22*m + 40. Let b be c(9). What is the remainder when g is divided by 94/36*b - 252/567?
3
Suppose -155 = -11*m + 6*m + 2*s, -m = 2*s - 43. What is the remainder when 75 is divided by m?
9
Let y = 14151 - 11196. Calculate the remainder when y is divided by 51.
48
Suppose 9*o + 6421 = 44*o + 1626. Calculate the remainder when o is divided by 35.
32
Calculate the remainder when 420 is divided by 56/((-14)/1) - -138.
18
Suppose -435 - 2668 + 767 = -32*t. What is the remainder when 218 is divided by t?
72
Let p = 365 + -368. Calculate the remainder when (p + 6 + -11)*(-11 + 1) is divided by 40.
0
Let m(w) = -45*w + 597. What is the remainder when 159 is divided by m(13)?
3
Let v(w) = 20*w - 2*w**2 + 3*w**2 + 82 + 0*w**2. Calculate the remainder when v(-19) is divided by 17.
12
Suppose -9*s - 893 = -1064. What is the remainder when 1289 is divided by s?
16
Let h(s) = 24*s**3 + 7*s**2 - 3*s - 11. Calculate the remainder when h(2) is divided by 30.
23
Let a = -3004 + 4602. What is the remainder when a is divided by 25?
23
Let i = 9453 + -9092. Calculate the remainder when 2881 is divided by i.
354
Let m = -44 + 45. Let y(x) = -x - 4 + 12 + m. What is the remainder when 42 is divided by y(-2)?
9
Let r = -197 + 193. Let a(i) = i**3 + 7*i**2 + 8*i + 10. Calculate the remainder when 36 is divided by a(r).
10
Let c = -115 + 171. Calculate the remainder when 28/c - (-369)/2 is divided by 11.
9
Suppose -y = 2*d - 12, 244 - 259 = -5*d + 5*y. What is the remainder when 603 is divided by d?
3
Suppose 5*g + 8 = 48. Calculate the remainder when 50 is divided by (-1 - ((-52)/g - -4))*10.
5
Let b = -287 + 140. Suppose 9*n - 29*n = 995 + 1325. Let l = n - b. Calculate the remainder when l is divided by 8.
7
Suppose 0 = -3*g - 28 + 13. Let o(y) = y**2 + 3*y + 38. Calculate the remainder when o(g) is divided by 13.
9
What is the remainder when (-46)/(-10) - 3 - 0 - 102920/(-50) is divided by 30?
20
Suppose 4*q - 200 = t - 138, 0 = q + t - 13. What is the remainder when 11653 is divided by q?
13
Let o be (-2 + -1)*(65/(-15) + 4). Let c(g) = 43*g**2 - 4*g + 3. Let v be c(o). Suppose 0 = 16*w - 22*w + v. What is the remainder when w is divided by 4?
3
Let z(x) = 8*x + 189. Let a(d) = 40*d + 943. Let v(n) = -2*a(n) + 11*z(n). What is the remainder when v(0) is divided by 39?
37
Suppose -2161 - 1159 = -83*c. What is the remainder when 1752 is divided by c?
32
Suppose -8*y = -33*y + 22523 + 14852. Calculate the remainder when y is divided by 22.
21
Let f be 11/(-33) + (-466)/6. Let b = 9 + f. Let n = 108 + b. What is the remainder when n is divided by 20?
19
Suppose 0 = 2*j - 6*j - 84. Suppose 0 = 2*n + 2*f - 14, 0 = 5*n - 2*f - 3*f - 75. What is the remainder when (j + 9/3)*14/(-4) is divided by n?
8
Suppose 2*k - 137 + 45 = 3*b, -2*b = -4*k + 168. Suppose 23*h - k*h + 136 = 0. What is the remainder when 111 is divided by h?
7
Suppose 3*i = -2*a - 497, -3*a + 12*i = 7*i + 717. Let w = a + 259. Calculate the remainder when 132 is divided by w.
12
Let u = 42899 + -42717. What is the remainder when 197 is divided by u?
15
Let f(o) = -11*o + 55. Let j be f(13). Let w = -24 - j. Calculate the remainder when w is divided by 34.
30
Let j = -7957 - -8154. What is the remainder when 606 is divided by j?
15
Suppose 24*n - 343 = -4*p + 29*n, 5*p - 450 = 2*n. What is the remainder when p is divided by 29?
5
Let l = 8026 - 5192. Calculate the remainder when l is divided by 63.
62
Suppose -3*p = -5*i + 9, 14 = -4*i - 3*p + 5. Suppose -78*l + 72*l + 228 = i. What is the remainder when 39 is divided by l?
1
Suppose -103*i = -106*i + 75. Let q(l) = 32*l + 18. Let n be q(11). Let x = -222 + n. Calculate the remainder when x is divided by i.
23
Let g = 58 - -11. Let c = g - 68. Calculate the remainder when 47 is divided by (23 + -2)*c - 3.
11
Calculate the remainder when (11 - (-1183)/(-117))/(2/36) is divided by 6.
4
Suppose -16*k = -26*k + 410. What is the remainder when k is divided by (-2)/6 - (0 + (-62)/6)?
1
Suppose t - 12*t + 5220 = 7*t. Calculate the remainder when t is divided by 18.
2
Let p be 0 + 2 - (-4 + 1). Suppose j + 120 = p*j. Calculate the remainder when ((-10)/(150/(-45)))/(10/390) is divided by j.
27
Let b be (471/(-12))/((-1)/(-16)*2). Let d = b - -408. What is the remainder when d is divided by 26?
16
Suppose 3*k + r - 1826 = 0, -4*k + 43*r = 47*r - 2440. Calculate the remainder when k is divided by 207.
194
Suppose -2*j - 2*q = -7*q + 673, j = 3*q - 335. Let s = j + 363. What is the remainder when s is divided by 5?
4
Let p(s) = -s**3 - 174*s**2 + 6*s + 1082. Calculate the remainder when 1382 is divided by p(-174).
14
Let m(d) = -310*d + 1613. What is the remainder when m(0) is divided by 108?
101
Let p(r) = 72*r - 358. Let q be -2 + (0 + 132)/4. Suppose -2*m - q = -3*y, -5*y + 4*m - m + 51 = 0. Calculate the remainder when y is divided by p(5).
1
What is the remainder when 120 is divided by (-114)/171*(-2 + (-62 - 2))?
32
Suppose y = -4*y + 5, -4*v - 5*y - 2271 = 0. Let k = v + 1338. Calculate the remainder when k is divided by 10.
9
Suppose -h + 2*h = 0. Suppose h*g - 2*w + 13 = -5*g, -4*w = -g + 1. What is the remainder when 68 is divided by (14/g)/((-4)/12)?
12
Let s(c) = c**2 + 186*c - 277. Calculate the remainder when s(20) is divided by 104.
99
Suppose -92372 - 359268 = -40*p. What is the remainder when p is divided by 251?
247
What is the remainder when (-572676)/1014*(-1 - 12) is divided by 113?
110
Suppose -12 - 2 = -14*g. Calculate the remainder when (g - 35)*16*-1 is divided by 109.
108
Let z(f) = 10*f + 354. Calculate the remainder when 164 is divided by z(-20).
10
Calculate the remainder when (-98)/(-2) - (-958 - -974) is divided by (3*4)/((-4)/(-6)).
15
Suppose 4*t = i - 103, 2*t + 133 = -5*i + 54. Let l = 19 - 5. What is the remainder when 180/t*(5 + -11) is divided by l?
12
Suppose -136 - 104 = -3*c. Let i = 86374 + -86346. What is the remainder when c is divided by i?
24
Let q(u) = -4*u**2 + 306*u - 1822. What is the remainder when q(68) is divided by 63?
49
Let w(i) = i + 39 - 6*i + 6*i + 0*i. Let p(m) = -40. Let t(q) = -3*p(q) - 4*w(q). What is the remainder when 43 is divided by t(-12)?
7
Suppose 4*c - 80 = -j, 423 = 5*j - 94*c + 91*c. What is the remainder when 423 is divided by j?
3
What is the remainder when 2950 is divided by (77 - 74) + (-18)/(-4 - -1)?
7
Let u = -56 + 60. Suppose u*f - 123 = -11. Let d = -25 + f. Calculate the remainder when 19 is divided by d.
1
Let n(h) = 40*h - 20*h - 15*h - 15*h + 5*h**2 - 9. Suppose -k + 3 = 0, 4*v + 0*v - 103 = -k. What is the remainder when n(4) is divided by v?
6
Let o be -1 + 151 + 0 + -3. Let m = -104 + o. Let j = m - 13. Calculate the remainder when 57 is divided by j.
27
Let r(a) = 4*a**2 - 61*a + 202. Calculate the remainder when r(12) is divided by 25.
21
Suppose 0*v = 2*v - 8. What is the remainder when 1*61*(-3 + v) is divided by (-1560)/20*(-18)/39 + (-1 - 4)?
30
Let v = 5 + 1. Suppose 0 = 29*u - 20*u - 3519. Let k = -377 + u. What is the remainder when k is divided by v?
2
Suppose -3*s + 50 + 25 = 0. Let w = -12742 - -12747. What is the remainder when s is divided by w?
0
Suppose 79*y = 1032 - 283 + 1858. Suppose 0 = -m + 1 + 7. Calculate the remainder when y is divided by m.
1
Suppose 59*d - 63*d = -64. Let m(r) = r**3 - 15*r**2 - 16*r + 16. Calculate the remainder when 270 is divided by m(d).
14
Let n(w) = 5*w**3 - 6*w**2 + 2*w - 25. Let t be n(5). Suppose -5*s + t = 325. What is the remainder when s is divided by 4?
3
Let v be (18/8)/(9/4 + -2). Let u = v + 21. What is the remainder when 78 is divided by (-2 + (-18)/(-5))/(3/u)?
14
Let p = 249 + -237. Suppose 0 = -p*b - 715 + 5239. What is the remainder when b is divided by 19?
16
Suppose 0 = 11*f - 4903 + 745. Suppose f*x - 385*x + 413 = 0. What is the remainder when x is divided by 9?
5
Let r(y) = 7*y**2 - 3*y - 3. Let g(b) = b**3 + 40*b**2 + 75*b + 4. Let w be g(-38). Calculate the remainder when r(3) is divided by (w/18)/((-1)/(-6)).
9
What is the remainder when (5210/10)/(((-6)/(-6)*-1)/(-1)) is divided by 249?
23
What is the remainder when 57 is divided by (6 + -4 + -3)*1